 Suppose -4*g = -y*g. Suppose 2*r + 5*w - 19 - 13 = g, 5*r - 51 = 2*w. What are the prime factors of r?
11
Let f(u) = 293*u**2 + 106*u - 7. List the prime factors of f(-3).
2, 17
Let m(i) = i + 10. Let t be m(-8). Suppose 0 = 2*g - t - 4. What are the prime factors of 124/6 - 2/g?
2, 5
Suppose 2202 = -15*g + 17*g - 4*j, -4*g + 4434 = 2*j. What are the prime factors of g?
3, 41
What are the prime factors of (2/(-5))/(((-7)/(-44520))/(-1))?
2, 3, 53
Let t be ((-1 - -3) + -2)/(-2). Let n(r) = 4 + r**2 - 4 + 13 - 7 + r**3. What are the prime factors of n(t)?
2, 3
Let y(r) = r + 1. Let w(p) = p - 6. Let b(c) = -w(c) + 3*y(c). List the prime factors of b(5).
19
Let k = -10 + 29. Let r = k - 14. Suppose r*m - 79 = -3*c, -3*m + 6*m = -3*c + 75. What are the prime factors of c?
23
Let a(g) = 2*g**2 - 25*g - 157. What are the prime factors of a(-27)?
2, 13, 19
Let k(r) = r**3 + 9*r**2 - 10*r + 3. Let d be k(-10). Let j be 1/d*(-1 + 13). Suppose 3*b - j*b = -30. What are the prime factors of b?
2, 3, 5
Let s be (2/3)/((-3)/(-207)). Suppose -4*w = 2*f + 8 - s, 3*f = 2*w - 31. Suppose 0 = 2*q - q - w. List the prime factors of q.
11
Suppose -4*k - 3*j + 83 = 0, 5*j = -2*k + j + 54. Let s(q) = 3*q - 6. Let v be s(5). Let x = k - v. What are the prime factors of x?
2
Suppose 0*i + 3*j = 5*i + 58, -4*j = -3*i - 26. List the prime factors of 132/i*49/(-7).
2, 3, 11
Let g(b) be the second derivative of 5*b**4/12 + b**3/6 - 4*b. Let a be g(-1). Suppose -f + i + 15 - 2 = 0, -5*f + 110 = a*i. What are the prime factors of f?
2, 3
Let p = 81 + -30. Let w = -12 + p. What are the prime factors of w?
3, 13
Suppose 2*q + 4 - 14 = 0. Suppose -2*y = -5*p + 320, 0 = -q*p - 0*y - 5*y + 285. List the prime factors of p.
2, 31
Let p be (-559)/13 - (-1 + -2). Let a = 50 + p. List the prime factors of a.
2, 5
Let n(h) = -h**3 + 13*h**2 + 2. Let p be n(13). List the prime factors of ((-3)/(-2))/(p/4) - -23.
2, 13
Suppose 11 - 5 = 3*z. Let o = 8 + -13. Let a = z - o. What are the prime factors of a?
7
Let f = -7 + 9. Suppose -288 = -y - f*y. What are the prime factors of ((-6)/(-4))/(8/y)?
2, 3
Suppose 0 = 3*h - 172 + 880. Let n = -147 - h. Let w = n - 52. List the prime factors of w.
37
Let q = 3 + -7. Let l(n) = -n**2 + n + 3. Let m be l(q). Let k = m + 39. List the prime factors of k.
2, 11
Suppose -4*w = 5*s + 611, -s + 4*w - 53 = 50. Let l = -174 - s. Let n = l - -113. List the prime factors of n.
2, 29
Let g = 845 - 287. Suppose -3*h = 3*h - g. List the prime factors of h.
3, 31
Let w be (-4 + 2 - -6) + -1. Suppose 225 = -2*r - w*r. List the prime factors of (-2)/9 + (-775)/r.
17
Let s(o) = -19*o + 24. List the prime factors of s(-22).
2, 13, 17
Let q = -3 + 7. Suppose q*i - 5*i = -40. What are the prime factors of i?
2, 5
Suppose f - 3 = g - 7, 0 = -5*g + 4*f + 23. Suppose 11*v = g*v + 788. List the prime factors of v.
197
Let j(s) = 28*s**2 - 11*s - 5. What are the prime factors of j(-4)?
487
Let b be 3 + -2 + (-8)/(-4). Suppose 2*l = -b*l. Suppose 0 = -2*g - l*g + 76. What are the prime factors of g?
2, 19
Let z = 329 - -124. List the prime factors of z.
3, 151
Suppose -24*c = -2*c - 11242. List the prime factors of c.
7, 73
Suppose a = 20 + 5. Suppose -r - 4*r - a = 0. List the prime factors of 32/5 + 2/r.
2, 3
Let x(b) = b - 4. Let r be x(8). Suppose 2*y = -0*y + 2*z + r, z = -4. What are the prime factors of -30*1*y/5?
2, 3
Let z be 0/(-4 + -2 + 4). Let j(h) = -3*h**2 - h + 108. What are the prime factors of j(z)?
2, 3
Suppose 3*h + 3 = b, 2*b - 3*b - 3*h + 3 = 0. Suppose -4*g + b*t + 10 = 0, -3*g + 4*t - 12 = -4*g. Suppose -m = g*m - 45. List the prime factors of m.
3
Let k = 1 - -4. Suppose 0 = 4*g + 2*r - 136, k*r + 0*r + 20 = 0. What are the prime factors of g?
2, 3
Suppose -68 = 5*j - 2*u, 6*j - 5*u = 3*j - 56. List the prime factors of (52/j)/((-5)/90).
2, 3, 13
Let s(i) = 35*i**3 - 5 - i**2 + 3*i - 2*i + 7*i**2 - i**2. What are the prime factors of s(2)?
3, 11
Let c be (-7)/5 - 4/(-10). Let h(g) = g + 118 - 244 + 8*g**2 + 127 + g. What are the prime factors of h(c)?
7
Let b(c) = -6*c + 3. Let j(v) = -v**2 - 15*v + 10. Let g be j(-16). List the prime factors of b(g).
3, 13
Let z(v) = 10*v**2 - 7*v + 103. What are the prime factors of z(-7)?
2, 3, 107
Let c be (-80)/(-36) + (-4)/18. Suppose c*x - 4*i = 468, -702 = 8*x - 11*x + 2*i. List the prime factors of x.
2, 3, 13
Let p = 0 + 2. Suppose -5*y + 25 + 0 = p*t, -3*y = 2*t - 15. Suppose t = 4*s - 66 + 18. What are the prime factors of s?
2, 3
Let m = -5 - -10. Suppose -c - 19 - 48 = -3*k, -5*c - m = 0. What are the prime factors of k?
2, 11
Suppose -4*u + 3054 = 3*g, 755 = 57*u - 56*u + 5*g. What are the prime factors of u?
3, 5, 17
Suppose 85 = -0*l + 5*l. Suppose 3*v = 3*o - 39, 5*v - 4*v = -3*o - l. What are the prime factors of (-6)/21 - 116/v?
2
Let i(o) = 2*o**2 + o - 1. Let w be i(-2). Suppose -w*v - 38 = -n, -n + 32 = -v + 2*v. What are the prime factors of n?
3, 11
Let d be (-561)/(-27) + (-4)/(-18). Let p = -12 + 79. Let u = p - d. List the prime factors of u.
2, 23
Suppose 4*i + 3*p + 2963 - 922 = 0, i - 3*p = -529. Let f = -205 - i. What are the prime factors of f?
3, 103
Suppose 76 = 3*s + 22. Let v = 11 - s. Let a = v + 18. List the prime factors of a.
11
Suppose -29*g - 7930 = -42*g. What are the prime factors of g?
2, 5, 61
Suppose -5*s = -3*s - 4. Let m(v) = -v**2 + 0*v**s - 10*v + 2*v**2 + 4 - 2*v**2. List the prime factors of m(-9).
13
Let h = 824 - 582. Suppose -q - 2*q + 5*p = -385, -2*q - 4*p = -h. List the prime factors of q.
5
Let p(v) = 30*v - 2. Let j be p(5). Suppose -5*s + 387 = -j. List the prime factors of s.
107
Suppose -8*i = -9134 + 3126. List the prime factors of i.
751
What are the prime factors of 16156/42 + (-2)/(-6)?
5, 7, 11
Suppose 0 = 129*u - 130*u + 120. Let m = 223 - u. What are the prime factors of m?
103
Suppose -1007 = -5*g - 3*i, 435 = 2*g - i + 41. List the prime factors of g.
199
Let o be 7 - (0 - (-16)/4). Suppose -o*u - 5*a - 173 = -785, u + a = 202. Suppose u = 2*x + 2*x + 5*c, -5*x + c + 256 = 0. What are the prime factors of x?
3, 17
Suppose 0 = 3*o - 2*p + 89, -2*o + 3*o - 4*p = -43. Let z = -48 - o. List the prime factors of 160/(-16)*z/5.
2, 3, 7
Let z = 16 - 17. Let n = 5 + z. Suppose -n*m + m + 54 = 0. What are the prime factors of m?
2, 3
Suppose -11*w - 3*w + 6804 = 0. List the prime factors of w.
2, 3
Suppose -1368*k + 1364*k = -6548. What are the prime factors of k?
1637
Suppose 2*u + 2*o + 12 = 0, -u - o = 2*o + 10. Let h be -2 - (u + 2 - 54). Suppose 0 = 2*r - 5*r + h. List the prime factors of r.
2, 3
Let b(f) = 2*f**2 - 8*f + 3. Let g = -57 - -50. List the prime factors of b(g).
157
Suppose 5*y - 65 = -2*t - 2*t, -t - 2*y + 17 = 0. Suppose 0 = -i + 2*z + 3, i - 6*i + 4*z = -t. Suppose 10 = 5*u - i*u. What are the prime factors of u?
5
Let y be (-16 + 3)*(-15)/3. Suppose -r + 35 = -2*w - y, -w - 47 = r. What are the prime factors of 1/(-4) + w/(-4)?
2, 3
Suppose 6*u - 1962 = 1230. Suppose -10*q + 38 = -u. What are the prime factors of q?
3, 19
Suppose -4*s + 4*k + 3260 = -0*k, -5*k = -15. List the prime factors of s.
2, 409
Let t = 629 + -492. What are the prime factors of t?
137
Suppose -g = -2*k - 127, -2*g + 375 = g - 3*k. List the prime factors of g.
3, 41
Let l(w) = -182*w + 440. List the prime factors of l(-6).
2, 383
Let n(d) = d**3 - 3*d**2 - 9*d + 1. Let q be n(7). Let o = -7 + q. List the prime factors of o.
127
Let i = -36 - -141. Suppose 0*p + 3*z - 45 = -3*p, -5*z = -4*p + i. List the prime factors of p.
2, 5
Suppose -2*q + 1266 = -7*s + 11*s, q - 952 = -3*s. List the prime factors of s.
11, 29
Let i(u) = -u**3 - 7*u**2 + 8*u - 3. Let t be i(-8). What are the prime factors of (4/(-1))/((-67)/22 - t)?
2, 11
Let f(i) = 2*i**2 + 10*i - 58. What are the prime factors of f(-16)?
2, 3, 7
Let u(b) = 10*b**3 - b**2 + b. Let w(m) = -m**3 + 4*m**2 - 2*m + 9. Let d be w(4). What are the prime factors of u(d)?
2, 5
Let p(d) = d**2 - 3*d - 3. Let j be p(4). Let s = j + 2. Suppose 0 = -r + s*r - 34. What are the prime factors of r?
17
Let l = -383 + 1116. What are the prime factors of l?
733
Suppose -3*s + 4*v = 10, -3*s - 2*v + 5 = -9. Suppose -s*h = 6*p - 2*p - 48, -p = 5*h - 12. What are the prime factors of p?
2, 3
Let a(u) = -u**3 + 21*u*